s digit of l?
6
Suppose 16 + 9 = g. Suppose 3*z - 91 + g = 0. What is the units digit of z?
2
What is the units digit of (-38)/(-3)*(-8 - -11)?
8
Suppose -2*a - 122 = -4*n, -3*n + 94 = -2*a + 3. What is the tens digit of n?
3
Let s = -9 - -23. What is the tens digit of s?
1
Let g be (124/2)/2 - 1. Suppose -w + 6*w - g = 0. What is the units digit of w?
6
Let o(v) = 2*v**2 - 9*v - 2. What is the tens digit of o(10)?
0
Let r(b) = 3*b**2. Let n be r(-2). Let h be ((-3)/4)/((-1)/n). Let s = 16 - h. What is the units digit of s?
7
Suppose 0 = -14*n + 2201 + 2713. What is the hundreds digit of n?
3
Suppose -x = -4*t - 26, 5*t = 2*x - x - 33. Let r(z) = -2*z - 7. What is the units digit of r(t)?
7
Let y be (-1)/((-11)/(-4) + -3). Suppose 0 = 3*c - y*c + 12. What is the units digit of c?
2
Suppose 5*k - b - 81 = 69, -3*k - 4*b + 67 = 0. What is the units digit of k?
9
Suppose 4*s + r = 27, -2*r = -0*s + 2*s - 6. What is the units digit of s?
8
Suppose -62 = 6*g - 8*g. Let r = 18 + g. What is the units digit of r?
9
Let l be (0/1 - -2)/(-2). What is the units digit of 16/((-6)/(3/l))?
8
Let t = -22 - -9. Let d = t + 28. What is the units digit of d?
5
Let o(g) = g + 11. Let t be o(-10). Let y = 16 - t. What is the tens digit of y?
1
Let m = -7 + 8. Let j(h) = h. What is the units digit of j(m)?
1
Let j(z) = 1 - 16 - 2 + 6*z. What is the tens digit of j(10)?
4
Let o(k) = k**3 + 5*k**2 - 6*k + 2. Let j be o(-6). Suppose -3 = -3*x - 3*u, 3*u + 7 = j*x - 15. What is the units digit of x?
5
Suppose 10 = -5*d, 67 = 5*x + 3*d - 37. What is the units digit of x?
2
Suppose 5*a - 4*h = -0*h + 5, 4*a + h = -17. Let t(j) = -2*j**2 + 3*j - 1. Let n be t(a). What is the units digit of n/(-5) - 8/(-20)?
6
Let z = 26 + -2. Let h = -17 + z. What is the units digit of h?
7
Let j(q) = -q**2 + 4. Let y be j(-3). Let w be (y/(-2))/(4/8). Suppose 4*v + 12 - 41 = -3*x, -w*x = 3*v - 63. What is the tens digit of x?
1
Let l be -1 - -9 - 3 - 1. Let i(x) = x**2 - 5*x - 9. Let c be i(7). Suppose -c - l = -b. What is the units digit of b?
9
Suppose 4*p = 5*r - 58, 3*r = 3*p + p + 30. What is the units digit of r?
4
Let o(d) = d**2 + 4*d + 3. Let x be o(-3). Suppose 3*b - 3*c - 21 = 0, 0*b + 3*b + 4*c - 28 = x. What is the units digit of b?
8
Let v(w) be the second derivative of w**5/20 - w**4/2 + w**3/3 - 5*w**2/2 + w. Suppose -4*i - 24 = -8*i. What is the units digit of v(i)?
7
What is the tens digit of 675/10 + 9/(-6)?
6
Suppose -5 = -5*y - 25. What is the units digit of 9 + y + 3 + -1?
7
Let p = 5 + -2. Suppose -p*j + 250 = 2*j. Suppose -j = -5*n - 0. What is the tens digit of n?
1
Let t = -16 + -10. Let d = 51 + t. What is the units digit of d?
5
Let h be 2*(9/6 + 1). Suppose 0 = -3*v + 2*d - 5, 0 = -7*v + 2*v - h*d. Let j(l) = -2*l - 1. What is the units digit of j(v)?
1
What is the units digit of 2 + -18*(-5 + 4)?
0
Let z = -2 + 9. Suppose 0*t - 10 = -5*t. What is the units digit of 3/6*t + z?
8
Let v = 132 - 71. What is the tens digit of v?
6
Let o(m) = -m**2 + 14*m + 16. Let k be o(12). Suppose -5*x + k = t, -3*x = -t - t - 24. What is the units digit of x?
8
Let d = 6 - 10. What is the units digit of d/(10 + -2)*-12?
6
Suppose 0 = -4*r + 68 - 8. Suppose -s = -0*s - r. What is the tens digit of s?
1
Let l(a) = a**3 + 7*a**2 - 5. Let b be l(-7). What is the units digit of (-53)/(-5) - 2/b?
1
Suppose 0 = 5*l - 20, 0 = -4*u - u + 2*l - 18. What is the tens digit of 1/(3/72) - u?
2
What is the tens digit of 367/3 + (-28)/84?
2
Suppose -2 = 2*w - 44. What is the units digit of w?
1
Let t = 53 + -15. Let a = t + -23. What is the units digit of a?
5
Suppose -5*t - 3*a + 15 = 0, 0 - 20 = 4*a. Let d be (3/(-6) - -1)*t. What is the units digit of (-2)/d + (-46)/(-6)?
7
Let x = 193 + -83. What is the tens digit of x?
1
Suppose 2*s - 600 = -3*s. Suppose s = 5*y - 135. What is the units digit of y?
1
Suppose -10*t = -26*t + 3648. What is the hundreds digit of t?
2
Suppose -3*n + 6*b - 18 = 2*b, -4*n + 2*b = 14. Let z be n/7 + 148/28. Suppose 3*h = -5*w + 67, -z*w - 41 = -4*h - 2*w. What is the tens digit of h?
1
Let z(t) be the third derivative of 3*t**4/8 - 5*t**3/3 + 10*t**2. What is the tens digit of z(4)?
2
Suppose -4*m = -2*s - 18, 3*s - s = -2. Suppose m*r = -5*x + 67, -3*r - 49 = -7*r + x. What is the tens digit of r?
1
Let m(w) = w + 7. Suppose 5*d - s = 2*s - 25, -3*s = d + 5. Let l be m(d). Suppose 0 = -l*u + 6, -3*h - u + 3 = -3*u. What is the units digit of h?
3
Suppose 0 = -3*u - n + 9, 3*u = -u - 4*n + 4. What is the units digit of u?
4
Let x(v) be the second derivative of -v**4/4 - v**3/2 + v**2/2 + 3*v. Let b(j) be the first derivative of x(j). What is the tens digit of b(-3)?
1
Let d(y) = -3*y**3 - 2*y**2 + y + 1. Let i = -1 - -3. Let a = i + -4. What is the units digit of d(a)?
5
Let s = 3 + -4. What is the tens digit of (44/12)/(s/(-3))?
1
Suppose -4*z + 60 = -176. What is the tens digit of z?
5
What is the tens digit of (-18 - -1)/(0 - 1)?
1
Let a(u) = -u**2 - 2*u. Let t be a(-2). Suppose -3*y - 29 = -5*r, t = -0*y + 5*y + 15. What is the units digit of r?
4
Let d(m) = 3*m**2 - 5*m + 3. What is the units digit of d(3)?
5
Suppose -16*g + 1687 = -9*g. What is the hundreds digit of g?
2
Let c(t) = -t - 1. Let k(i) = 4*i - 1. Let z(b) = -c(b) - k(b). What is the units digit of z(-4)?
4
Suppose -n + 6 = 2*n. Let q = -9 - -14. Suppose -n*y + q*y - 6 = 0. What is the units digit of y?
2
Let z(y) = y**2 - 6*y + 5. Let v be z(6). Suppose -4*m = -m. Suppose m*q - 35 = -v*q. What is the units digit of q?
7
Suppose -4*t = -t - 105. What is the units digit of t?
5
What is the units digit of (-15 - -13) + (5 - 2)?
1
Suppose -36 = 3*l - 0*l. Let y = -6 - l. Suppose 3*s = -5*u + y*s + 14, 5*u - 2*s = 11. What is the units digit of u?
1
Let t(m) = -1. Let f(q) = -q - 7. Suppose -2 - 3 = 5*l. Let d(o) = l*f(o) + 5*t(o). What is the units digit of d(0)?
2
Let u be (52/(-6))/((-2)/3). Suppose -u = 2*a - 41. What is the tens digit of a?
1
Suppose -l + 2 = -184. What is the tens digit of l?
8
Suppose 2*u = 2*h + 374, -937 = -5*u + 4*h - h. What is the tens digit of u?
8
What is the units digit of (44/12 + -4)/(3/(-558))?
2
Suppose 5*t - 144 = -4*b, 5*b + t - 4*t - 180 = 0. What is the units digit of b?
6
Let v = -36 - 10. Let b = -23 - v. What is the tens digit of b?
2
Let t be (-23)/(-2*(-4)/(-40)). What is the units digit of ((-8)/10)/((-2)/t)?
6
Let b(x) = x**3 - 5*x**2 - 4*x - 8. Let a be b(6). Let h(p) = p**2 - 2*p - 3. Let w be h(a). Let n = w + -1. What is the units digit of n?
4
Suppose -5*h + 12 = -98. What is the tens digit of h?
2
Let p(b) be the first derivative of 2*b**3/3 - 7*b**2/2 + 4*b + 4. What is the tens digit of p(5)?
1
Let u = 18 - -40. What is the units digit of u?
8
Let b(s) = -s - 1. Let l(q) = q**2 - 5*q - 2. Let u be l(7). Let o be ((-6)/(-4))/((-3)/u). What is the units digit of b(o)?
5
Suppose 4*i - 15 = i. Suppose -24 - 1 = -i*r. What is the units digit of r?
5
Suppose 4*q = 183 + 89. Suppose 0 = -2*i - 2*b + q, 5*i - 2*b + 5*b = 168. What is the units digit of i?
3
Suppose 0 = -5*a + 2*c + 236, -4*c + 10 - 68 = -a. Suppose -3*h + j + 34 = -j, -j + a = 3*h. What is the units digit of h?
4
What is the hundreds digit of (-5 - -106) + -1 + 2?
1
Suppose 30 = 4*g + g. Suppose -2*b + 3*b - g = 0. What is the units digit of b?
6
Let d = 175 + -43. What is the tens digit of d?
3
Let f(v) = -v**2 + 36*v + 24. What is the hundreds digit of f(30)?
2
Let k(w) be the second derivative of w**4/12 - w**3/3 - 3*w**2/2 + 3*w. What is the units digit of k(5)?
2
Suppose 0 = -2*y + 3*y - 2*m - 14, -56 = -4*y - 2*m. Suppose 7*f - 3*f = -36. Let j = f + y. What is the units digit of j?
5
Suppose 0*b = 2*b - 4. Let u = b - -1. Suppose q + 64 = 5*q - 4*f, 0 = -5*q - u*f + 104. What is the units digit of q?
9
Suppose 0 = 10*p - 14*p + 132. What is the tens digit of p?
3
Let f = -109 - -191. What is the units digit of f?
2
Let a be 32/(-20) - (-3)/5. What is the units digit of a/2*(5 - 9)?
2
Let y(v) = -v - 1. Let i(j) = -j**2 - 8*j - 9. Let q(p) = -i(p) - 4*y(p). What is the units digit of q(-11)?
2
Suppose 0 = -4*q + 23 + 5. Let f(y) = 7*y**2 - 13*y + 3. Let k(j) = 8*j**2 - 14*j + 3. Let u(t) = q*f(t) - 6*k(t). What is the units digit of u(7)?
3
Let n be (-2*1)/((-6)/3). Suppo